at is h(-2)?
-146
Let f(h) = h**2 + 901*h - 4556. Determine f(5).
-26
Let w(o) = 28693*o - 85907. Give w(3).
172
Let q(i) = -53*i**3 + 2*i**2 + 238*i - 472. Determine q(2).
-412
Let q(t) = -t**2 - 60*t + 471. Calculate q(7).
2
Let d(i) = i**2 + 36*i + 301. What is d(-49)?
938
Let c(p) = -p**2 - 6197*p + 161784. Calculate c(26).
-14
Let p(i) = -i**3 + 170*i**2 - 2486*i + 3004. Give p(154).
-384
Let h(z) = 74*z + 4095. Give h(-39).
1209
Let v(l) = 138265*l - 138259. Give v(1).
6
Let k(m) = -2*m**3 - 46*m**2 + 12071*m + 288564. Determine k(-24).
12
Let j(i) = 80*i + 14877. Give j(-185).
77
Let v(q) = -4*q**2 + 2330*q - 45994. Give v(20).
-994
Let s(x) = -3*x**3 + 34*x**2 - 106*x - 67. Calculate s(5).
-122
Let q(a) = 16*a**3 - 109*a**2 + 580*a - 795. What is q(3)?
396
Let m(l) = l**3 + 26*l**2 + 824*l + 6640. Determine m(-10).
0
Let q(i) = -481817*i - 5781807. Determine q(-12).
-3
Let z(i) = -14*i**2 + 736*i - 753. Calculate z(51).
369
Let h(n) = -n**2 + 8408*n + 2468548. Give h(-284).
20
Let x(z) = -2*z**2 + 2205*z + 120055. Give x(-52).
-13
Let v(j) = -400*j - 31996. Determine v(-80).
4
Let g(u) = -51*u**2 + 1607*u + 6473. Calculate g(-4).
-771
Let z(x) = -x**3 - 28*x**2 + 56*x + 1514. Give z(-21).
-2749
Let t(r) = 188*r**2 + 183*r - 9. What is t(-1)?
-4
Let s(r) = -52*r**3 + 1450*r**2 + 167*r + 27. Calculate s(28).
-1
Let n(a) = a**2 + 26*a - 517. What is n(12)?
-61
Let z(b) = 293*b**2 + 6407*b - 859. Calculate z(-22).
-1
Let o(c) = -c**2 + 52512*c + 315100. Give o(-6).
-8
Let q(h) = h**2 + 97*h + 2449. Give q(-24).
697
Let k(t) = t**3 - 68*t**2 + 614*t - 8036. Determine k(60).
4
Let q(w) = -w**2 - 74*w + 548. Give q(-44).
1868
Let v(r) = -4493*r - 71916. Calculate v(-16).
-28
Let k(b) = -b**3 - 89*b**2 - 1952*b + 662. Determine k(-41).
6
Let d(t) = -t**3 + 41*t**2 - 287*t + 231. Calculate d(8).
47
Let w(v) = -96*v**3 - 37*v**2 + 126*v - 7. What is w(3)?
-2554
Let c(w) = -11*w**2 - 147*w - 5. Give c(-11).
281
Let d(a) = a**3 - 384*a**2 + 3428*a - 19869. What is d(375)?
6
Let m(d) = 30*d**2 + 582*d + 1755. What is m(-15)?
-225
Let w(l) = -80130*l + 3044915. Calculate w(38).
-25
Let u(f) = f**3 - 716*f**2 + 4723*f - 2865725. Give u(715).
-5
Let y(i) = 21967*i + 197722. What is y(-9)?
19
Let i(n) = -5353*n - 31. Give i(0).
-31
Let k(b) = b**2 + 95*b - 1919. Calculate k(-96).
-1823
Let i(o) = -327*o**2 - 983*o - 12. What is i(-3)?
-6
Let o(t) = 60536*t - 1573938. What is o(26)?
-2
Let f(o) = -o**3 + 215*o**2 + 702*o - 58170. Determine f(217).
-14
Let m(q) = -30*q**2 - 201*q + 38. Determine m(-10).
-952
Let y(h) = -522*h - 36030. Determine y(-69).
-12
Let j(g) = g**3 + 27*g**2 + 1409*g + 32117. What is j(-24)?
29
Let d(f) = 12*f**3 - 85*f**2 + 13643*f - 95442. Calculate d(7).
10
Let s(c) = 2*c - 514. Calculate s(80).
-354
Let u(d) = -d**3 + 4187*d**2 + 147772*d + 45. What is u(-35)?
-25
Let h(i) = -i**3 - 40*i**2 - 405*i - 20538. Give h(-42).
0
Let c(h) = -12*h**3 + 27*h**2 + 72*h - 37. What is c(6)?
-1225
Let j(h) = -h**3 - 9*h**2 + 1385*h + 11138. What is j(-8)?
-6
Let h(w) = w**2 + 6122*w + 930695. What is h(-156)?
-1
Let u(o) = 3*o**3 - 52*o**2 + 138*o + 542. Give u(7).
-11
Let m(j) = 394*j + 53501. Determine m(-137).
-477
Let m(a) = a**3 + 29*a**2 - 309*a - 9699. Calculate m(-27).
102
Let y(f) = -f**3 - 196*f**2 - 355*f + 6182. Calculate y(-194).
-220
Let m(a) = -11*a**3 - 265*a**2 - 23*a + 20. Determine m(-24).
-4
Let v(l) = -l**3 + 16*l**2 + 15*l - 629. Give v(11).
141
Let q(t) = 1363*t + 117204. Calculate q(-86).
-14
Let f(y) = -4*y**2 - 6773*y - 67817. Calculate f(-10).
-487
Let k(r) = r**3 + 119*r**2 - 220*r - 356. Give k(-121).
-3018
Let c(u) = 3*u**2 + 155*u - 1403. What is c(6)?
-365
Let m(n) = -n**2 + 29572*n - 738698. Give m(25).
-23
Let c(z) = z**3 - 34*z**2 - 176*z + 4982. Determine c(35).
47
Let w(v) = -2028*v + 10155. Determine w(5).
15
Let l(q) = 26*q**2 - 313*q - 589. What is l(16)?
1059
Let b(i) = -6*i**2 + 2027*i - 34336. Give b(320).
-96
Let p(g) = -g**3 + 3804*g**2 - 1044784*g - 1195. Determine p(298).
-3
Let y(f) = -2*f**2 + 290*f - 7446. Determine y(112).
-54
Let x(s) = -s**3 - 351*s**2 - 237*s - 83101. What is x(-351)?
86
Let s(v) = -v**3 - 38*v**2 + 333*v + 3028. Determine s(-44).
-8
Let x(p) = p**3 - 3*p**2 + 173*p + 1. Calculate x(0).
1
Let u(z) = -2*z**2 - 146*z + 6492. What is u(-105)?
-228
Let o(r) = 5*r**2 - 251*r + 3111. Give o(25).
-39
Let c(l) = -2*l**3 - 52*l**2 - 313*l - 916. Determine c(-19).
-23
Let q(l) = 124*l**2 - 7953*l + 1161. Calculate q(64).
73
Let g(v) = 169020*v - 2197172. Give g(13).
88
Let h(f) = -1142*f**2 + 2323*f - 77. What is h(2)?
1
Let z(x) = -4*x**3 - 101*x**2 + 923*x + 1884. What is z(-32)?
-4
Let i(l) = -376954*l - 3392584. Calculate i(-9).
2
Let b(z) = -z**3 - 22*z**2 + 5*z + 443. What is b(-20)?
-457
Let b(a) = 75*a**2 + 567*a - 203. Give b(-8).
61
Let c(d) = -d**3 - 128*d**2 + 792*d - 117. Calculate c(-134).
1491
Let w(k) = -k**2 + 2037*k + 104133. What is w(-50)?
-217
Let w(o) = -48*o - 969. Calculate w(-16).
-201
Let a(h) = 33*h**3 - 2645*h**2 + 399*h + 59. What is a(80)?
-21
Let d(a) = 25271*a + 530693. What is d(-21)?
2
Let j(a) = 35*a**2 - 51*a + 181. Give j(3).
343
Let b(y) = 455*y + 15428. Determine b(-34).
-42
Let x(i) = 5210*i + 58306. Determine x(-11).
996
Let r(y) = -16*y**3 - 1965*y**2 + 367*y - 288. Calculate r(-123).
-42
Let g(d) = 10*d**3 - 138*d**2 - 44*d + 257. Determine g(14).
33
Let h(r) = 3*r**2 + 144*r - 67. Give h(-11).
-1288
Let s(x) = -22*x**2 - 835*x + 896. Give s(-39).
-1
Let o(p) = -2*p**3 - 133*p**2 - 246*p - 20987. What is o(-67)?
-16
Let c(n) = 9834*n + 25356. Calculate c(-3).
-4146
Let s(l) = -435*l + 12406. What is s(29)?
-209
Let p(x) = -1800*x - 25801. Give p(-16).
2999
Let n(r) = -20202*r + 8767666. Determine n(434).
-2
Let k(i) = 178*i**2 + 364*i - 1. Calculate k(-2).
-17
Let l(y) = -28*y**2 + 302*y + 53. Give l(11).
-13
Let h(t) = -1479*t + 46722. Give h(32).
-606
Let y(q) = -83249*q - 5577676. What is y(-67)?
7
Let p(s) = 3*s**2 - 503*s + 20898. Determine p(76).
-2
Let c(q) = -2*q**3 + 17*q**2 + 82*q + 22. Calculate c(12).
-2
Let d(b) = b**2 + 361*b + 20297. Give d(-292).
149
Let a(n) = 9938*n + 49479. Give a(-5).
-211
Let r(s) = s**3 + 10*s**2 - 386*s - 3667. Calculate r(-20).
53
Let r(t) = 8051*t**2 + 120753*t - 198. Calculate r(-15).
-18
Let p(v) = -v**3 - 6*v**2 - 1152*v - 6844. Determine p(-6).
68
Let h(g) = -1311*g - 23620. Give h(-18).
-22
Let t(w) = 558*w**2 - 103229*w - 156. Calculate t(185).
29
Let t(h) = 7267*h + 566773. Determine t(-78).
-53
Let t(i) = i**3 + 22*i**2 + 342*i + 1481. What is t(-6)?
5
Let i(s) = 2107*s - 78018. What is i(37)?
-59
Let b(l) = -2*l**2 + 1528*l - 291062. Determine b(361).
-96
Let g(f) = -3*f**2 - 19*f + 896. What is g(-20)?
76
Let i(f) = 277*f**2 - 446*f - 447. Give i(-1).
276
Let y(g) = 90*g - 12762. Give y(137).
-432
Let b(m) = 10*m**2 - 4647*m + 17042. Calculate b(461).
-15
Let r(f) = -f**3 + 223*f**2 + 415*f + 7866. Determine r(225).
-9
Let j(l) = -2*l**2 - 179*l + 6431. Determine j(-122).
-1499
Let r(v) = -102*v - 1078. Give r(-10).
-58
Let m(y) = -20*y**3 - 513*y**2 + 205*y + 599. Give m(-26).
1
Let y(d) = -d**3 - 25*d**2 + 150*d + 2512. Calculate y(-27).
-80
Let q(f) = f**2 + 49*f - 4702. Give q(45).
-472
Let w(x) = -21354*x - 3309874. Calculate w(-155).
-4
Let l(a) = -127758*a - 766689. What is l(-6)?
-141
Let w(o) = -3*o**2 - 1461*o + 63258. Calculate w(40).
18
Let f(v) = -20*v**3 - 15939*v**2 + 787*v - 7971. Give f(-797).
-1
Let w(l) = 3*l**3 - 37*l**2 - 38*l + 197. Give w(13).
41
Let q(c) = -13*c**3 + 441*c**2 + 38*c - 113. Give q(34).
23
Let y(z) = -4*z**3 - 15*z**2 - 2320*z - 9286. What is y(-4)?
10
Let h(c) = -2*c**2 + 17*c + 7311. Calculate h(-57).
-156
Let p(m) = 217*m**3 + 8229*m**2 - 650*m - 154. Determine p(-38).
-2
Let o(i) = 7*i**3 - 109*i**2 - 10*i + 28. Determine o(16).
636
Let l(d) = 79*d**2 - 43*d - 177. Calculate l(-4).
1259
Let o(s) = -17*s**2 + 962*s + 98. Give o(57).
-301
Let x(t) = 44933*t + 1168253. Determine x(-26).
-5
Let d(n) = n**3 - 56*n**2 + 668*n - 163. Calculate d(17).
-78
Let b(c) = -2146*c - 1104669. What is b(-515)?
521
Let s(o) = 2*o**3 + 217*o**2 + 734*o - 37. Calculate s(-105).
68
Let a(w) = -1319*w - 17148. Determine a(-13).
-1
Let a(x) = 2*x**3 - 70*x**2 - 1